 is the hundred thousands digit of 162789?
1
What is the hundred thousands digit of 2998334?
9
What is the ten thousands digit of 3035805?
3
What is the thousands digit of 2503740?
3
What is the ten millions digit of 18923472?
1
What is the hundreds digit of 7088038?
0
What is the millions digit of 3987554?
3
What is the tens digit of 286843?
4
What is the ten thousands digit of 885758?
8
What is the hundreds digit of 99124?
1
What is the hundreds digit of 365544?
5
What is the tens digit of 1937095?
9
What is the units digit of 35745499?
9
What is the hundred thousands digit of 3547939?
5
What is the units digit of 626082?
2
What is the units digit of 968863?
3
What is the ten thousands digit of 5648281?
4
What is the tens digit of 2636958?
5
What is the hundreds digit of 9452462?
4
What is the tens digit of 115880?
8
What is the hundred thousands digit of 19565817?
5
What is the thousands digit of 633438?
3
What is the millions digit of 4700883?
4
What is the tens digit of 4366190?
9
What is the tens digit of 229446?
4
What is the tens digit of 679907?
0
What is the hundreds digit of 4428040?
0
What is the thousands digit of 1360355?
0
What is the units digit of 115595?
5
What is the ten thousands digit of 3548189?
4
What is the ten thousands digit of 13903675?
0
What is the hundreds digit of 5055253?
2
What is the thousands digit of 378478?
8
What is the ten thousands digit of 121223?
2
What is the hundred thousands digit of 799014?
7
What is the ten thousands digit of 1816942?
1
What is the units digit of 823305?
5
What is the hundreds digit of 4227377?
3
What is the millions digit of 1308690?
1
What is the hundred thousands digit of 461472?
4
What is the tens digit of 210044?
4
What is the hundred thousands digit of 1426186?
4
What is the tens digit of 5039653?
5
What is the tens digit of 8161527?
2
What is the thousands digit of 1556216?
6
What is the ten thousands digit of 12102931?
0
What is the hundreds digit of 582926?
9
What is the thousands digit of 13381240?
1
What is the ten millions digit of 15376886?
1
What is the thousands digit of 90436?
0
What is the tens digit of 26464017?
1
What is the tens digit of 7592618?
1
What is the millions digit of 17819556?
7
What is the thousands digit of 2263966?
3
What is the thousands digit of 605259?
5
What is the hundreds digit of 37768835?
8
What is the thousands digit of 430788?
0
What is the thousands digit of 6340086?
0
What is the units digit of 1013315?
5
What is the ten thousands digit of 962085?
6
What is the tens digit of 23924515?
1
What is the units digit of 684126?
6
What is the thousands digit of 61419?
1
What is the hundreds digit of 234975?
9
What is the hundreds digit of 24272?
2
What is the tens digit of 961454?
5
What is the millions digit of 1855707?
1
What is the tens digit of 22182581?
8
What is the thousands digit of 303819?
3
What is the tens digit of 5329881?
8
What is the thousands digit of 3391806?
1
What is the thousands digit of 13827?
3
What is the tens digit of 66226?
2
What is the tens digit of 18862081?
8
What is the ten thousands digit of 465618?
6
What is the thousands digit of 10768122?
8
What is the thousands digit of 10762663?
2
What is the thousands digit of 8901?
8
What is the thousands digit of 859620?
9
What is the thousands digit of 71196?
1
What is the hundred thousands digit of 9989151?
9
What is the thousands digit of 79163?
9
What is the tens digit of 18203993?
9
What is the tens digit of 319456?
5
What is the hundred thousands digit of 164526?
1
What is the ten thousands digit of 120856?
2
What is the ten thousands digit of 430451?
3
What is the thousands digit of 18390581?
0
What is the tens digit of 1860126?
2
What is the ten thousands digit of 205042?
0
What is the ten thousands digit of 2493578?
9
What is the ten thousands digit of 819307?
1
What is the ten thousands digit of 3738930?
3
What is the tens digit of 266449?
4
What is the tens digit of 704210?
1
What is the hundreds digit of 197201?
2
What is the units digit of 4813386?
6
What is the ten thousands digit of 7422545?
2
What is the hundred thousands digit of 549798?
5
What is the hundreds digit of 398769?
7
What is the ten thousands digit of 873686?
7
What is the hundreds digit of 100762?
7
What is the thousands digit of 4223118?
3
What is the tens digit of 5490085?
8
What is the hundreds digit of 1714461?
4
What is the thousands digit of 485705?
5
What is the ten millions digit of 15136126?
1
What is the ten thousands digit of 55436?
5
What is the tens digit of 8754824?
2
What is the ten millions digit of 24540998?
2
What is the hundreds digit of 2212007?
0
What is the units digit of 4514535?
5
What is the hundreds digit of 13563439?
4
What is the hundreds digit of 943622?
6
What is the ten thousands digit of 2756472?
5
What is the hundreds digit of 13032593?
5
What is the hundreds digit of 14060412?
4
What is the ten thousands digit of 1206923?
0
What is the tens digit of 1072746?
4
What is the ten thousands digit of 1597589?
9
What is the ten thousands digit of 152599?
5
What is the hundreds digit of 226569?
5
What is the tens digit of 219436?
3
What is the millions digit of 2578102?
2
What is the thousands digit of 13170510?
0
What is the units digit of 867158?
8
What is the hundred thousands digit of 693017?
6
What is the ten thousands digit of 141700?
4
What is the tens digit of 65816?
1
What is the hundreds digit of 172444?
4
What is the tens digit of 98336?
3
What is the ten thousands digit of 302635?
0
What is the units digit of 19143?
3
What is the units digit of 1823213?
3
What is the tens digit of 732202?
0
What is the hundreds digit of 1762467?
4
What is the hundred thousands digit of 190114?
1
What is the units digit of 9797?
7
What is the units digit of 5143825?
5
What is the tens digit of 6844?
4
What is the ten thousands digit of 5010985?
1
What is the ten millions digit of 22409076?
2
What is the hundreds digit of 503461?
4
What is the thousands digit of 337113?
7
What is the ten thousands digit of 1335831?
3
What is the units digit of 205004?
4
What is the tens digit of 3933199?
9
What is the units digit of 294145?
5
What is the ten thousands digit of 12487781?
8
What is the hundred thousands digit of 18860161?
8
What is the hundreds digit of 6025460?
4
What is the thousands digit of 170779?
0
What is the units digit of 2413179?
9
What is the ten thousands digit of 2489283?
8
What is the hundred thousands digit of 418038?
4
What is the ten millions digit of 13859216?
1
What is the hundreds digit of 1815419?
4
What is the ten thousands digit of 437730?
3
What is the units digit of 6936158?
8
What is the tens digit of 925401?
0
What is the ten thousands digit of 1015394?
1
What is the tens digit of 368122?
2
What is the hundred thousands digit of 994328?
9
What is the thousands digit of 26022931?
2
What is the units digit of 3074105?
5
What is the tens digit of 296353?
5
What is the hundred thousands digit of 782815?
7
What is the thousands digit of 106499?
6
What is the tens digit of 45422?
2
What is the ten thousands digit of 297757?
9
What is the thousands digit of 3428307?
8
What is the hundred thousands digit of 213962?
2
What is the ten millions digit of 25944598?
2
What is the thousands digit of 9640408?
0
What is the hundreds digit of 392325?
3
What is the units digit of 328944?
4
What is the hundred thousands digit of 7290464?
2
What is the ten thousands digit of 896918?
9
What is the hundred thousands digit of 581098?
5
What is the hundred thousands digit of 1369983?
3
What is the tens digit of 63453?
5
What is the ten thousands digit of 1592969?
9
What is the units digit of 1467141?
1
What is the tens digit of 2138107?
0
What is the units digit of 1382838?
8
What is the thousands digit of 16302144?
2
What is the thousands digit of 940533?
0
What is the units digit of 616687?
7
What is the hundred thousands digit of 190766?
1
What is the ten thousands digit of 911090?
1
What is the hundred thousands digit of 221128?
2
What is the thousands digit of 1258216?
8
What is the units digit of 7240879?
9
What is the hundred thousands digit of 237436?
2
What is the units digit of 159835?
5
What is the hundred thousands digit of 7800790?
8
What is the ten thous